uppose g*q - 63 = -q. Calculate the greatest common divisor of t and q.
9
Let j(o) = o**2 - 2*o + 11. Let t be j(0). Suppose -4*z + t = -5. Suppose z*v - 15 = 37. Calculate the highest common factor of v and 143.
13
Let u(n) = -2 + 119*n + 125*n - 246*n. Let x = -10 - -7. Let m be u(x). Calculate the highest common divisor of 16 and m.
4
Let g(z) = z**2 - 10*z + 1. Let p be g(8). Let t be (-6)/12*5/(p/198). Calculate the greatest common divisor of t and 11.
11
Suppose 1847 = 11*x + 263. Calculate the greatest common factor of x and 42.
6
Let h(f) = f**3 + 2*f**2 - 11*f - 12. Let y be h(-5). Let k = -23 - y. Calculate the greatest common divisor of 1 and k.
1
Suppose -p - 328 = 3*y, 3*y + 4*p = 57 - 397. Let k = y + 228. What is the highest common factor of 48 and k?
24
Let x be 4/1 + -2 + 1. Suppose 0 = 34*r - 5*r - 174. What is the greatest common factor of x and r?
3
Let s(m) = 16*m - 36. Let q be s(6). What is the highest common divisor of 1 and q?
1
Let s(c) = c**2 - 2*c + 2. Let r be s(11). Let l = r - -31. What is the greatest common divisor of l and 12?
12
Let x(a) = -a**3 - 8*a**2 - 11*a. Let s be x(-8). Calculate the greatest common factor of 396 and s.
44
Let j be -2*(-3 + 4)*-1. Suppose 0*x + j*x = 16. Suppose -g + 0*g = -x. What is the highest common divisor of 24 and g?
8
Let d(c) = -2*c**3 - 25*c**2 - 14*c + 32. Let b be d(-12). Calculate the highest common divisor of 24 and b.
8
Let l(v) = v. Let h(f) = f**2 - 16*f - 3. Let m(p) = -h(p) - 2*l(p). Let o be m(11). What is the greatest common divisor of 324 and o?
36
Suppose -11*d = -15*d - 16, -207 = -3*o - 3*d. What is the highest common factor of 73 and o?
73
Let y be 1/(-2) - (-2)/4. Suppose -j + 5*j - 20 = y. Suppose j*v = 3*t + 154, 3 = t + 1. Calculate the highest common factor of 4 and v.
4
Let b(w) = -3*w - 37. Let i be b(-13). Let c = 5 + 0. What is the highest common divisor of c and i?
1
Suppose 10*z - 4 - 56 = 0. Let c be 24*(-15)/(-36)*3. Calculate the greatest common factor of c and z.
6
Suppose -4*y = -120 - 12. Suppose 39 = 4*w - y. Calculate the greatest common divisor of w and 72.
18
Suppose 3*x = 2*f - 6, 16 = f + 7*x - 2*x. Calculate the highest common divisor of 16 and f.
2
Let m = 1510 - 1486. What is the highest common divisor of m and 51?
3
Suppose -557 = -4*s + 247. Let o = -145 + s. What is the greatest common factor of o and 42?
14
Let b = -46 - -41. Let l be (b + -5)*((-9)/(-6) - 3). Calculate the highest common factor of l and 3.
3
Let n = 36 - 35. Let g be 26/n + 56/(-14). What is the greatest common divisor of 44 and g?
22
Suppose -5*z - 65 = -5*o + o, 0 = 2*o + z - 29. What is the highest common divisor of 495 and o?
15
Suppose 5*q = 3*k + 3 - 59, 2*k - 29 = -5*q. Let v = 5 + 20. Let u = v - k. Calculate the greatest common divisor of 2 and u.
2
Suppose -520 = -11*o - 29*o. Calculate the greatest common factor of o and 637.
13
Suppose 0 = -2*n, -n = -y - 3*y + 8. Let v = 2000 + -1978. What is the highest common divisor of v and y?
2
Let o be 7 + -9 - 1*-9. Let m(z) = z**2 - 6*z - 2. Let h be m(o). Suppose 0 = -y + h + 7. Calculate the highest common divisor of y and 72.
12
Suppose 0*q - 13 = -q - m, 0 = 2*q - 4*m - 2. Let i(u) = u**3 + 9*u**2 - 8*u - 10. Let f be i(-7). What is the highest common factor of f and q?
9
Suppose k - 335 = -4*k. Let z = k + -27. Calculate the greatest common factor of 16 and z.
8
Let c = 165 - 64. Let d = c + -65. What is the greatest common factor of d and 9?
9
Let o = 272 - 160. What is the greatest common divisor of o and 280?
56
Let j = 26 + -10. Let d be -112*(-2 + (1 - 0)). Calculate the greatest common divisor of d and j.
16
Let s be 6/(-4) + (-2)/4. Let q be (-5)/((-95)/(-50) + s). Calculate the greatest common factor of q and 25.
25
Suppose -456 + 2562 = 6*o. Calculate the highest common factor of 936 and o.
117
Suppose -2*u + 399 = 3*u + 3*x, u - x - 75 = 0. Let b be 53 - (-4 + 3 + 2). Calculate the greatest common factor of b and u.
26
Suppose -j + 360 = 2*j. Suppose -b = u - 36, 104 = 3*b - 63*u + 67*u. What is the greatest common divisor of b and j?
40
Suppose -11*o + 67 = 34. Calculate the highest common divisor of 7 and o.
1
Let s(t) = -t**3 - 17*t**2 - 39*t - 23. Let o be s(-15). What is the greatest common divisor of 48 and o?
16
Suppose 0 = 20*b - 1052 - 148. Calculate the highest common divisor of 540 and b.
60
Let t(h) = 5*h**2 - 12. Let l be 0 - -2 - (-3 - 1). Let a be t(l). What is the greatest common factor of 24 and a?
24
Let g = 14 - -77. Let h(u) = 7*u - 57. Suppose -3*k + 4*r = -42, 5*r = -k - 0*r - 5. Let t be h(k). What is the greatest common factor of t and g?
13
Suppose -4450 = -22*f + 4526. What is the highest common divisor of f and 48?
24
Let c = 806 + -797. Suppose 0 = -4*n - 55 - 9. Let l = n - -25. What is the greatest common factor of l and c?
9
Let u(k) = -k**3 - 3*k**2 + 7*k + 5. Let x be u(-5). Let l(f) = -12 - f + 21 + 14. Let j be l(18). Calculate the greatest common divisor of j and x.
5
Let c = 86 + -23. Let g = c + 49. Calculate the greatest common divisor of 7 and g.
7
Suppose 0 = 42*h + 6*h - 5280. What is the greatest common factor of h and 176?
22
Let m(t) = t**3 - 2*t**2 - 32*t + 33. Let v be m(8). Suppose w + 5*a - 8 = 0, 2*w + 4*a = 24 + 10. Calculate the greatest common divisor of w and v.
23
Let s(z) = 12*z - 84. Let p be s(9). What is the greatest common divisor of p and 1416?
24
Let m = -1 - -5. Suppose -m*j - n = -0*j - 53, 3*j + 4*n - 30 = 0. Calculate the highest common factor of j and 56.
14
Let n be (42/(-21))/(-1 - -2). Let v(i) = 2*i**2 + 2*i + 2. Let d be v(n). Calculate the highest common divisor of 4 and d.
2
Let f(t) be the first derivative of 2*t**3/3 + 7*t**2/2 + 10*t + 22. Let r be f(-6). What is the highest common divisor of r and 24?
8
Let w = 45 + -5. Let i = w - -112. Let h be 19/(2 + -1)*1. Calculate the greatest common divisor of i and h.
19
Let a(x) = 2*x**2 + 14*x - 168. Let s be a(-36). What is the greatest common divisor of 30 and s?
30
Let q(o) = 3*o**2 - 19*o - 7. Let n be q(7). Let z = 22 - n. What is the greatest common divisor of 5 and z?
5
Let t(g) = 34 + 6 - 4*g - 4*g - 12. Let v be t(0). Suppose -4*a = l + 4*l - 36, 5*l + 20 = 0. Calculate the greatest common divisor of a and v.
14
Let w = -57 + 90. Let g(t) = 8*t - 101. Let q be g(14). What is the highest common divisor of q and w?
11
Let q(l) = l + 25. Let w be q(-11). Suppose -2*c - w = -4*c. Suppose 0 = -2*n + 2, d = -d - 4*n + 32. What is the highest common factor of c and d?
7
Let d(a) = -a**3 + 13*a**2 + 17*a + 18. Let o be d(14). What is the highest common divisor of o and 48?
12
Let u(i) = -i**2 + 12*i + 90. Let g be u(16). Calculate the greatest common divisor of 2 and g.
2
Suppose 52 + 557 = 29*r. Calculate the highest common factor of r and 147.
21
Suppose -1164*x + 1171*x = 546. Calculate the highest common factor of x and 1014.
78
Let n(c) be the third derivative of c**5/10 - c**4/6 + 2*c**3/3 + 8*c**2. Let y be n(2). Calculate the greatest common divisor of y and 40.
20
Let l(s) = 2*s + 31. Let z be l(-7). Suppose -4 - 4 = 2*t, -x - t = 19. Let j be (-2799)/x + (-4)/(-10). What is the greatest common divisor of z and j?
17
Let z(y) = 5*y + 9. Let b be z(8). Calculate the greatest common factor of b and 7.
7
Suppose -7*t - 4 = -53. Calculate the greatest common factor of t and 21.
7
Suppose 3*l - 93 = -4*i, -89 = -4*i + 4*l + 11. Let y be (-16 - (-12)/4 - -5)/(-1). What is the highest common factor of y and i?
8
Suppose -4*u - 1317 = -3*i - 2*i, -4*i = u - 1041. Let d(t) = t**2 - 4*t - 3. Let f be d(-4). What is the greatest common divisor of i and f?
29
Suppose -2*j = 6 - 22. Suppose -j*f + 7*f = -19. What is the greatest common divisor of f and 95?
19
Let y = 56 + -18. Let k(d) = 4*d + 2*d**2 - 4*d - 5 - 4*d + 2*d. Let s be k(-3). Calculate the highest common factor of s and y.
19
Let z be (-2)/10 - (-2)/10. Suppose -p - 36 = -38. Let o be (z + p)/((-10)/(-125)). What is the highest common factor of o and 10?
5
Let p(c) = c**3 + c**2 - 5*c - 5. Suppose -6 = -u + 3. Let y = 14 - u. Let h be p(y). What is the highest common divisor of 15 and h?
15
Let y = -47 + 58. Let l(m) = 20*m**2 - 2*m. Let x be l(-1). Calculate the highest common divisor of x and y.
11
Let v b